est common divisor of 36 and 108?
36
What is the highest common divisor of 96 and 48336?
48
Calculate the greatest common divisor of 15 and 7635.
15
Calculate the greatest common factor of 260 and 10.
10
What is the highest common factor of 1472 and 92?
92
Calculate the highest common factor of 28 and 26152.
28
What is the highest common divisor of 6683 and 82?
41
What is the highest common factor of 2 and 190?
2
What is the highest common divisor of 274 and 2?
2
Calculate the greatest common factor of 54 and 18090.
54
Calculate the highest common divisor of 48 and 288.
48
Calculate the highest common factor of 67 and 20569.
67
Calculate the highest common factor of 24 and 60.
12
What is the highest common factor of 121 and 11?
11
Calculate the highest common factor of 294 and 1232.
14
What is the highest common factor of 18 and 6?
6
What is the highest common divisor of 170 and 250?
10
Calculate the greatest common factor of 10 and 4570.
10
Calculate the greatest common factor of 36 and 513.
9
Calculate the greatest common factor of 80 and 32.
16
What is the highest common factor of 15 and 240?
15
What is the highest common factor of 15 and 785?
5
Calculate the highest common factor of 12 and 164.
4
Calculate the greatest common divisor of 1 and 33.
1
What is the highest common factor of 42 and 210?
42
Calculate the highest common divisor of 1 and 37.
1
What is the greatest common factor of 483 and 2346?
69
Calculate the highest common divisor of 32 and 30384.
16
What is the greatest common divisor of 32 and 8?
8
What is the highest common factor of 796 and 4?
4
Calculate the highest common divisor of 12361 and 47.
47
What is the greatest common divisor of 495 and 297?
99
Calculate the greatest common divisor of 16710 and 30.
30
What is the greatest common divisor of 78 and 24?
6
Calculate the highest common factor of 459 and 54.
27
What is the highest common divisor of 170 and 306?
34
What is the greatest common divisor of 60 and 220?
20
What is the highest common divisor of 403 and 117?
13
What is the highest common factor of 300 and 555?
15
What is the greatest common factor of 133 and 3857?
133
Calculate the highest common divisor of 14 and 9268.
14
Calculate the highest common factor of 66 and 66.
66
What is the greatest common factor of 9 and 603?
9
What is the greatest common factor of 231 and 2673?
33
Calculate the greatest common divisor of 81 and 729.
81
What is the greatest common factor of 174 and 1334?
58
Calculate the highest common factor of 795 and 195.
15
What is the highest common divisor of 324 and 24?
12
Calculate the highest common divisor of 276 and 4508.
92
What is the greatest common divisor of 38 and 399?
19
What is the greatest common factor of 3 and 4884?
3
Calculate the highest common divisor of 273 and 147.
21
What is the highest common divisor of 3161 and 29?
29
Calculate the highest common divisor of 2256 and 96.
48
Calculate the greatest common factor of 39 and 247.
13
Calculate the greatest common factor of 32 and 172.
4
What is the greatest common divisor of 12644 and 232?
116
Calculate the highest common divisor of 3264 and 952.
136
What is the highest common factor of 285 and 1185?
15
What is the greatest common divisor of 133 and 7?
7
What is the greatest common divisor of 12 and 732?
12
What is the highest common divisor of 7200 and 27?
9
Calculate the highest common factor of 190 and 779.
19
What is the greatest common divisor of 384 and 12?
12
What is the greatest common factor of 184 and 299?
23
What is the highest common factor of 2461 and 23?
23
What is the highest common divisor of 304 and 76?
76
What is the highest common divisor of 48 and 648?
24
Calculate the highest common divisor of 1710 and 494.
38
What is the greatest common divisor of 114 and 14174?
38
What is the greatest common divisor of 2079 and 847?
77
Calculate the highest common divisor of 57 and 73473.
57
What is the greatest common factor of 2502 and 18?
18
What is the highest common factor of 425 and 170?
85
Calculate the greatest common factor of 38 and 2.
2
What is the greatest common divisor of 30 and 230?
10
Calculate the highest common factor of 207 and 23.
23
What is the highest common factor of 13 and 481?
13
Calculate the highest common factor of 675 and 54.
27
What is the greatest common factor of 24 and 2136?
24
Calculate the greatest common divisor of 48 and 44.
4
What is the greatest common divisor of 774 and 36?
18
What is the highest common factor of 324 and 1062?
18
What is the highest common divisor of 1875 and 21?
3
What is the highest common divisor of 45 and 12645?
45
Calculate the greatest common divisor of 896 and 280.
56
Calculate the greatest common divisor of 192 and 480.
96
What is the highest common factor of 2730 and 7?
7
Calculate the greatest common factor of 112 and 416.
16
Calculate the greatest common factor of 32 and 176.
16
What is the greatest common divisor of 2144 and 201?
67
What is the greatest common factor of 65 and 545?
5
Calculate the highest common factor of 2552 and 29.
29
What is the greatest common factor of 13 and 1313?
13
What is the highest common factor of 10 and 15?
5
Calculate the greatest common factor of 143 and 22.
11
What is the greatest common divisor of 128 and 1504?
32
What is the highest common factor of 14 and 238?
14
What is the greatest common factor of 12925 and 1375?
275
What is the greatest common factor of 35 and 245?
35
What is the greatest common divisor of 238 and 21?
7
What is the greatest common divisor of 18112 and 16?
16
What is the highest common factor of 8745 and 165?
165
What is the greatest common divisor of 80 and 16?
16
Calculate the greatest common factor of 8549 and 249.
83
Calculate the greatest common divisor of 51 and 459.
51
Calculate the highest common divisor of 2192 and 112.
16
Calculate the greatest common factor of 48 and 348.
12
Calculate the highest common divisor of 18 and 756.
18
Calculate the greatest common factor of 52060 and 20.
20
What is the highest common factor of 13 and 39533?
13
What is the greatest common factor of 53 and 265?
53
What is the greatest common factor of 1253 and 91?
7
What is the greatest common divisor of 612 and 108?
36
What is the highest common divisor of 603 and 27?
9
Calculate the greatest common divisor of 45 and 35.
5
What is the greatest common divisor of 299 and 91?
13
What is the greatest common factor of 87 and 58?
29
Calculate the highest common divisor of 1512 and 144.
72
What is the greatest common factor of 1065 and 15?
15
Calculate the highest common factor of 3241 and 42.
7
Calculate the highest common factor of 340 and 595.
85
What is the greatest common factor of 840 and 12?
12
Calculate the highest common divisor of 1462 and 34.
34
Calculate the highest common factor of 119 and 336.
7
What is the greatest common divisor of 2532 and 12?
12
Calculate the greatest common divisor of 73 and 584.
73
Calculate the highest common factor of 198 and 6.
6
Calculate the greatest common factor of 90 and 9270.
90
Calculate the highest common divisor of 32 and 296.
8
What is the greatest common divisor of 15 and 65?
5
What is the greatest common factor of 90 and 13428?
18
What is the highest common divisor of 3618 and 126?
18
Calculate the highest common factor of 96 and 42.
6
What is the highest common divisor of 75 and 15?
15
Calculate the greatest common divisor of 26 and 234.
26
What is the highest common factor of 5427 and 162?
81
What is the highest common divisor of 48 and 312?
24
Calculate the highest common factor of 19594 and 97.
97
What is the greatest common divisor of 57 and 30?
3
Calculate the greatest common divisor of 16050 and 200.
50
What is the greatest common divisor of 496 and 144?
16
What is the greatest common factor of 675 and 2997?
27
What is the highest common factor of 17204 and 51?
17
What is the highest common factor of 7344 and 90?
18
What is the greatest common divisor of 31 and 155?
31
What is the greatest common factor of 23 and 46?
23
Calculate the highest common divisor of 687 and 3.
3
Calculate the highest common factor of 341 and 62.
31
What is the greatest common divisor of 3400 and 1000?
200
What is the greatest common divisor of 808 and 12?
4
Calculate the highe